of 5 - (-9 + (4 - 6 - 31) + 25 + -26)?
48
What is (-3 - 1) + 14 - (15 + -12)?
7
Evaluate -109 + 0 - (-84 + (90 - (35 + -53))).
-133
Evaluate 11 - ((23 - 22 - 10) + 55).
-35
What is 26 - -63 - 105 - (1 - -4)?
-21
Evaluate -6 - -5 - (-28 - (-13 - 107 - 9)).
-102
What is the value of (-19 - (-66 + -34)) + -48?
33
Evaluate 14 - ((-14 - -9) + 1 + 25 + -78).
71
Calculate -6 - (-2 + 1) - (-1480 + 1510).
-35
What is -19 + 4 + (-4 - 10) + -18?
-47
Calculate -2 + -7 + 5 + (20 - -34) + (-4 - -28).
74
Evaluate 1 - 101 - (20 + (-6 + -15 - -2)) - -11.
-90
Evaluate -5 + 18 + -12 + (37 - 6) + -10.
22
What is 900 - 932 - (5 + -1)?
-36
Evaluate ((2 - 17) + 18 - (-1 + 17)) + -86 + 2.
-97
Calculate 4 + (86 + -78 - (17 - -2)).
-7
Calculate -5 - (-56 + 1 - (40 - (84 - 37))).
43
Evaluate -75 + -15 + 0 + (32 - (-9 - 13 - -32)).
-68
What is the value of 35 - (13 + (1 + -7 - 22 - -12))?
38
27 + (-73 - -42) + -3 + -6 + -1
-14
-25 + 1 + -1 - (497 - -29 - 514)
-37
What is the value of -20 - (-39 + 30 - 25)?
14
Evaluate -61 - -71 - (25 - 0).
-15
Calculate 15 + -11 - (-48 + 47) - -11.
16
-100 + (88 - -7 - -117)
112
2 + -27 + 31 + 31 + -43
-6
(61 + -57 - (2 - 4 - -1)) + (57 - 98)
-36
What is 17 + -22 + -4 + -12 + -2?
-23
-29 - (40 - 47 - (-1 - 0 - (3 - -3)))
-29
What is the value of (2 - (-5 + 13)) + 5 + 44?
43
Calculate -8 + 1 - (256 + -151 + -96).
-16
54 - 7 - (5 - ((-10 - (-2 - 7)) + -10))
31
What is 102 + -5 + -92 - (3 - -69)?
-67
(-264 + 241 - (4 - -1)) + 29
1
What is the value of 83 + -123 - (27 - 129)?
62
What is the value of -49 + 22 + 38 - (2 + -4 - 15)?
28
What is 34 + (-96 - -46) - 52?
-68
What is 17 - (-18 - (-5 - -17))?
47
Calculate 2 - (-8 + 19 + -23).
14
What is the value of -9 + (70 - 34) + 31 + (-3 - -16)?
71
What is the value of -6 - 22 - (27 - (-28 + 161))?
78
21 + 1 + -26 + (8 - -1)
5
Calculate 4 - (0 - -1 - (-3 + 63)) - -10 - -10.
83
What is -9 - (-16 + (45 - 20) + -13) - (63 - 2)?
-66
Calculate (-23 + 22 - (5 + -12)) + (8 - -5) + -1.
18
Calculate -26 + 11 + -23 + 4 + 174.
140
What is the value of 405 + -384 + 0 + -80?
-59
What is the value of -41 + -17 + 60 + -54?
-52
Evaluate -5 - (18 + -33 + 37) - -21.
-6
Calculate -2 - -1 - (-1 - (-41 + 58)).
17
Evaluate -84 + -22 + 6 + 4 + (18 - 7).
-85
Calculate (-92 - 28) + 42 + 183.
105
Calculate -9 + (-4 + -1 - -9) - (11 + -6 + 36).
-46
Calculate -35 - (18 - 4) - (-5 - -1 - (-4 - 4)).
-53
What is -2 - ((23 - (-13 - -9) - -4) + 9)?
-42
Calculate 212 + -166 - (-4 + 45).
5
Evaluate 1 - (-9 - -1) - (-6 - (12 - -10)).
37
93 + (-5 + 1 - (-12 - 26 - -19 - -19))
89
What is the value of 19 - (-24 + -34 + -37 + 7)?
107
What is (-2 - -3 - 3 - (-2 - 1) - -29) + 15?
45
What is 0 + 22 + 2517 + -2483?
56
Evaluate 29 + (12 - (-18 + (58 - 18)) - (-7 - -3)).
23
Calculate -40 + 44 - (1 + -3 + 2) - 10.
-6
-10 + (6 - (-107 - 6)) - 27
82
Evaluate -14 + -19 - (-27 - (-15 - -8)) - 15.
-28
What is 2 - 10 - (34 + -26 + -42)?
26
What is the value of (-9 + 6 - -17) + (-4 - -18 - (-9 + 69))?
-32
Calculate 50 - (45 + -63 + 31).
37
What is (0 - 2) + (5 - ((23 - 4) + 27))?
-43
Calculate (-13 - 41) + 188 + -144.
-10
What is 14 - ((-34 - -14) + -7) - 16?
25
Calculate 35 + -85 + 37 - (44 + 10).
-67
0 - -14 - (110 - 100) - (-13 - -3)
14
Evaluate (-242 - (-193 - 53)) + (0 - 6).
-2
Calculate -23 + 10 + -3 - (-7 + (-2 - -5)).
-12
What is -48 - (18 - (67 - 44))?
-43
What is 45 - -3 - (14 + (-8 - 9 - -18 - 31))?
64
What is 145 - (-8 + (-1 - -4 - 16) + 178 + -167)?
155
1 + 13 + -86 + -45 + 137
20
What is -8 + (29 - (-1 + 1 - (137 - 123)))?
35
What is -34 + (25 - (43 + -60)) + (0 - 1 - -31)?
38
Calculate 9 + -1 + 3 - (6 + -37 + 12).
30
What is -29 + 43 + -76 - (-1 + 2 - 3)?
-60
Evaluate -1 - (3 + 5 + 6 - (-14 + 34)).
5
What is (56 - 61) + (5 - ((-2 - 1) + 4)) - -32?
31
What is the value of -6 + (37 - -7) - (-36 - -20)?
54
16 + 0 + -40 + (-21 - -82)
37
Evaluate 2 + -106 - -111 - (3 - 1) - 48.
-43
Evaluate -27 + 11 + -3 + 17 - (0 + -3 + -40).
41
What is 0 + -28 - (487 - 477) - 24?
-62
What is the value of 7 + -5 + -26 + (-23 - (-15 + -2))?
-30
Calculate 1 + 24 + (17 + -67 - -18).
-7
What is 4 - (116 - (-14 + (-10 - -2 - -13) - -7))?
-114
What is 10 + -8 + 15 + -11 + (-49 - -100)?
57
What is the value of 2 - (-23 + 17) - ((108 - 47) + (-1 - 6))?
-46
What is the value of (-63 - -20 - -73 - (-1 + -13)) + 6?
50
Evaluate 62 - ((-976 - -989) + -22 + 1).
70
What is the value of 75 - (97 - 4) - (1 + -7)?
-12
What is the value of -2 + -5 + 0 - (2316 - 2318) - 42?
-47
-124 - (70 + -45 - 129)
-20
What is 0 + (16 - 116) + 124?
24
-5 + (-2 - -5) + -7 + 1 - -53
45
What is the value of 3 + -1 - (42 + -1) - (288 + -294 - -8)?
-41
What is (-422 - -325) + (34 - -8) - (12 - 1)?
-66
Calculate (3 - 8) + -173 + 223.
45
Evaluate 95 - (-65 + 119) - -11.
52
Evaluate 1 + -90 + -5096 + 5196.
11
What is -12 + -7 + 2 + 19 + -1 + 79?
80
Calculate 4 + -2 - 0 - (-1349 - -1390).
-39
What is 48 - (1 + -2) - (101 - 402 - -315)?
35
What is (55 - (37 + -32)) + -74?
-24
Evaluate (26 - (-9 + 13 + -8)) + 21.
51
Calculate (-4 - (2 - 2) - -9) + 16.
21
What is -15 - 20 - 14 - (-19 + -2)?
-28
Evaluate -7 + 4 - (-1 + -31) - (-2443 - -2430).
42
What is the value of (-1 - 9 - -1) + (28 - (196 - 230))?
53
What is (36 - 100) + -20 - -61?
-23
What is (-108 - -114) + 2 + -110 + 0 + 7?
-95
Calculate -66 - -31 - 52 - -43.
-44
Evaluate (5 + -18 + 17 - -2) + (-2 - 24).
-20
-5 + -26 + 85 - (2 + (0 - 3))
55
What is the value of 9 - (-74 - -39 - -17)?
27
1 + -2 + (-4 - -8) + -6 - (1174 - 1172)
-5
Calculate 0 + -8 - -19 - (-5 + -56 + 16 - 18).
74
-11 + -26 + (48 - -17)
28
What is 13 + 31 + -57 - (-26 + -3 - -4)?
12
Calculate -44 - -62 - -14 - 37.
-5
What is -145 - ((3 - 21) + -16) - 7?
-118
(-36 - -15 - -3) + 7 + 8
-3
Calculate (-5 - -23) + 17 + -77 + 4.
-38
(-26 - (25 - 4 - 32)) + -35
-50
What is the value of 156 + (34 + -209 - -157)?
138
Calculate (-14 - -9) + 18 + -19 + (8 - -5).
7
What is the value of -3 + -71 + (-6 - -12) + 2 + -14 + 2?
-78
Calculate -58 - (-4 + -3 - -5 - (-5 - (21 - 20))).
-62
What is the value of 0 + 6 - ((93 - (78 - 38)) + 17 + -1)?
-63
Calculate -13 + (-253 - -220 - (-27 - -1)).
-20
Evaluate (-2101 - -2062) + (0 - 52).
-91
What is the value of -31 + 0 + 44 + (-2 - 10 - -6)?
7
Calculate 1 - -5 - (3 + -33 + 4 + 13 + 4).
15
What is the value of (2 + -39 - -13) + (0 - 1 - (101 - 113))?
-13
What is the value of (-1 - (8 + -5 - -2)) + (-18 - (21 + -18))?
-27
-97 + (93 - -109) - 48
57
-383 + 388 + (-16 - 0) + (-2 - (-6 - 5))
-2
-716 + 609 + 100 + (1 - (1 + 0 - 37))
30
What is 6 + (0 - 1) + -131 + 54 + -5?
-77
What is the value of (-18 - -14) + (10 - 8) + (18 - 7)?
9
52 - (-9 + 9 + (-7 - (-11 + 7)))
55
Calculate 59 - -49 - 54 - 4.
50
What is the value of (-30 + 36 - -33) + 63?
102
What is -89 + 3 + -76 + 99?
-63
What is the value of (-7 - 1) + 1183 + -1246 - (3 + 9)?
-83
Evaluate -171 + 140 + (5 - -69) + 47.
90
Evaluate (35 + (11 - 59) - ((-5 - -2) + 0)) + -9.
-19
29 - 29 - (41 + -180)
139
Calculate -7 - (-3 + (46 + -21 - 19)).
-10
Calculate -2 + -7 - -61 - ((21 - 31) + (16 - 2)).
48
What is the value of (-1 + 5 - 4) + (-33 - (-53 + 30))?
-10
What is 110 + (0 - -2) - ((-21 - -171) + -139)?
101
-66 - (-5 + -34) - -43
16
What is 1 - -9 - (-110 + 97) - 67?
-44
What is the value of (3 - (1 - -1)) + 14 + -3 - (5135 + -5093)?
-30
(-5 - (-60 - -70)) + 71
56
(31 - 54) + 109 + -76
10
What is the value of 6 - ((1 - (2 - 26)) + 7 + -15 - -7)?
-18
What is the value of -4 + 9 + (1 - 7) + (17 - 21 - -23)?
18
Calculate 0 - 0 - (-1 - 62 - (-2 - -10) - -6).
65
What is 21 + -14 + 18 + -11 + -1 + -10?
3
Calculate -230 + 279 + -75 + (24 - -1).
-1
Evaluate -21 - (46 - 86) - 55.
-36
What is -8 + -94 - -23 - (-102 - -104)?
-81
Evaluate 70 - 64 - (4 - (-2 + 2 + -3)).
-1
What is the value of -65 + (75 - (-12 + 92))?
-70
Calculate -35 - (57 - (114 - 123)).
-101
Evaluate 2 + -12 - (-1195 - -1259).
-74
Evaluate 12 + -3 + (-34 - (-34 + 12)).
-3
What is the value of 25 - (-15 - (-67 + 77))?
50
What is the value of -1120 + 1135 + (0 + 7 + -2 - -25)?
45
Calculate -55 + (11 - (13 - (-4 - -7)) - 11).
-65
(9 - -2) + (5174 + -5143 - (2 - (-3 - -2)))
39
What is (591 + -567 - (24 + 1)) + 1?
0
Calculate (1 - 22 - (34 - (42 - -1))) + -66.
-78
What is the value of (0 - 84) + -7 + 1 + 1 + (-991 - -982)?
-98
(12 - (84 + -41 - 39)) + 